{"id":1484,"date":"2023-09-17T09:26:16","date_gmt":"2023-09-17T07:26:16","guid":{"rendered":"http:\/\/www.antinseuraajat.net\/?page_id=1484"},"modified":"2023-09-17T09:46:31","modified_gmt":"2023-09-17T07:46:31","slug":"sukuseuran-kokous-ilolan-maatilalla-19-8-2023","status":"publish","type":"page","link":"http:\/\/www.antinseuraajat.net\/?page_id=1484","title":{"rendered":"Sukuseuran kokous Ilolan maatilalla 19.8.2023"},"content":{"rendered":"<p>Sukuseuran kuudes vuosikokous pidettiin hyv\u00e4ss\u00e4 hengess\u00e4 Ilolan maatilamatkailun tiloissa Valkeakoskella. Ilolan maatilamatkailun p\u00e4\u00e4rakennus on entinen Toijalan-Valkeakosken v\u00e4lisen radan Mets\u00e4kansan asemarakennus ja radan varresta siirretty nykyiseen paikkaa. Paikalle oli tullut ilahduttavasti l\u00e4hes 30 seuran j\u00e4sent\u00e4.<\/p>\n<p>Seuran hallitus pysyi p\u00e4\u00e4osin entisell\u00e4\u00e4n.\u00a0<strong><em>Tommi Tienhaara<\/em><\/strong>\u00a0jatkaa puheenjohtajana ja\u00a0<strong><em>Raimo M\u00e4kinen<\/em><\/strong>\u00a0varapuheenjohtajana. Edelleen hallituksessa jatkavat\u00a0<strong><em> Nina Tienhaara<\/em><\/strong>, <strong><em>Sari Peltom\u00e4ki<\/em><\/strong>\u00a0ja <strong><em>Katja Jaakkola<\/em><\/strong> sek\u00e4 uutena <strong><em>Heli V\u00e4ist\u00f6 <\/em><\/strong>ja <strong><em>Aira Lindstr\u00f6m<\/em><\/strong><strong><em>.<\/em><\/strong> Yleisvaraj\u00e4seniksi valittiin\u00a0<strong><em>Heikki Turkki<\/em><\/strong><strong><em>,\u00a0<\/em><\/strong><strong><em>Kari<\/em><\/strong><strong><em> Sepp\u00e4nen,\u00a0<\/em><\/strong><strong><em>Sirkka Sepp\u00e4nen<\/em><\/strong> ja <strong><em>Tuuli Tienhaara<\/em><\/strong>\u00a0. Hallitus kokoontuu varaj\u00e4senineen.<\/p>\n<div id=\"attachment_1482\" style=\"width: 310px\" class=\"wp-caption alignnone\"><a href=\"http:\/\/www.antinseuraajat.net\/wp-content\/uploads\/2023\/09\/Tommi-ilola.jpeg\"><img loading=\"lazy\" decoding=\"async\" aria-describedby=\"caption-attachment-1482\" class=\"size-medium wp-image-1482\" src=\"http:\/\/www.antinseuraajat.net\/wp-content\/uploads\/2023\/09\/Tommi-ilola-300x213.jpeg\" alt=\"\" width=\"300\" height=\"213\" srcset=\"http:\/\/www.antinseuraajat.net\/wp-content\/uploads\/2023\/09\/Tommi-ilola-300x213.jpeg 300w, http:\/\/www.antinseuraajat.net\/wp-content\/uploads\/2023\/09\/Tommi-ilola-1024x727.jpeg 1024w, http:\/\/www.antinseuraajat.net\/wp-content\/uploads\/2023\/09\/Tommi-ilola-768x545.jpeg 768w, http:\/\/www.antinseuraajat.net\/wp-content\/uploads\/2023\/09\/Tommi-ilola-1536x1090.jpeg 1536w, http:\/\/www.antinseuraajat.net\/wp-content\/uploads\/2023\/09\/Tommi-ilola-624x443.jpeg 624w, http:\/\/www.antinseuraajat.net\/wp-content\/uploads\/2023\/09\/Tommi-ilola.jpeg 2048w\" sizes=\"auto, (max-width: 300px) 100vw, 300px\" \/><\/a><p id=\"caption-attachment-1482\" class=\"wp-caption-text\">Tommi Tienhaara jatkaa sukuseuran puheenjohtajana.<\/p><\/div>\n<p>Toiminnantarkastajiksi valittiin edelleen\u00a0<strong><em>Reino Sepp\u00e4nen<\/em><\/strong>\u00a0ja\u00a0<strong><em>Tarja Sepp\u00e4nen<\/em><\/strong>.<\/p>\n<p>Vuosikokouksen j\u00e4lkeen pidetyss\u00e4 hallituksen j\u00e4rjest\u00e4ytymiskokouksessa taloudenhoitajaksi valittiin edelleen\u00a0<strong><em>Nina Tienhaara<\/em><\/strong>\u00a0ja sihteeriksi\u00a0<strong><em>Sari Peltom\u00e4ki<\/em><\/strong>.<\/p>\n<p>Seuran j\u00e4senmaksuksi vahvistettiin edelleen 10\u20ac \/ vuosi.<\/p>\n<p>Toimintasuunnitelmassa korostetaan edelleen j\u00e4senhankintaa. J\u00e4senist\u00f6\u00e4 kannustettiin hankkimaan lis\u00e4\u00e4 j\u00e4senvaatimukset t\u00e4ytt\u00e4vi\u00e4 j\u00e4seni\u00e4 omasta l\u00e4hipiirist\u00e4\u00e4n. Sukuseuran jatkuvuuden kannalta toivotaan ennen kaikkea lis\u00e4\u00e4 nuoria j\u00e4seni\u00e4.<\/p>\n<p>Tavoitteena on my\u00f6s j\u00e4rjest\u00e4\u00e4 ensi vuonna yhteinen matka my\u00f6hemmin p\u00e4\u00e4tett\u00e4v\u00e4\u00e4n kohteeseen.<\/p>\n<p>Kokouksen yhteydess\u00e4 nautittiin keittolounas herkullisine j\u00e4lkiruokineen Ilolan tiloissa.<\/p>\n<p>T\u00e4m\u00e4n j\u00e4lkeen pidettiin seuran perinteit\u00e4 kunnioittaen perinteinen tietokilpailu, jossa t\u00e4ll\u00e4 kertaa voitto jakautui tasapisteiden vuoksi kahden joukkueen kesken. Palkintoja riitti kaikille osallistujille.<\/p>\n<p>Lis\u00e4\u00e4 Reino Sepp\u00e4sen ottamia kuvia kokouksesta sivuston Kuvagalleriat osassa.<\/p>\n","protected":false},"excerpt":{"rendered":"<p>Sukuseuran kuudes vuosikokous pidettiin hyv\u00e4ss\u00e4 hengess\u00e4 Ilolan maatilamatkailun tiloissa Valkeakoskella. Ilolan maatilamatkailun p\u00e4\u00e4rakennus on entinen Toijalan-Valkeakosken v\u00e4lisen radan Mets\u00e4kansan asemarakennus ja radan varresta siirretty nykyiseen paikkaa. Paikalle oli tullut ilahduttavasti l\u00e4hes 30 seuran j\u00e4sent\u00e4. Seuran hallitus pysyi p\u00e4\u00e4osin entisell\u00e4\u00e4n.\u00a0Tommi Tienhaara\u00a0jatkaa puheenjohtajana ja\u00a0Raimo M\u00e4kinen\u00a0varapuheenjohtajana. Edelleen hallituksessa jatkavat\u00a0 Nina Tienhaara, Sari Peltom\u00e4ki\u00a0ja Katja Jaakkola sek\u00e4 uutena Heli [&hellip;]<\/p>\n","protected":false},"author":3,"featured_media":0,"parent":0,"menu_order":0,"comment_status":"closed","ping_status":"closed","template":"","meta":{"footnotes":""},"class_list":["post-1484","page","type-page","status-publish","hentry"],"_links":{"self":[{"href":"http:\/\/www.antinseuraajat.net\/index.php?rest_route=\/wp\/v2\/pages\/1484","targetHints":{"allow":["GET"]}}],"collection":[{"href":"http:\/\/www.antinseuraajat.net\/index.php?rest_route=\/wp\/v2\/pages"}],"about":[{"href":"http:\/\/www.antinseuraajat.net\/index.php?rest_route=\/wp\/v2\/types\/page"}],"author":[{"embeddable":true,"href":"http:\/\/www.antinseuraajat.net\/index.php?rest_route=\/wp\/v2\/users\/3"}],"replies":[{"embeddable":true,"href":"http:\/\/www.antinseuraajat.net\/index.php?rest_route=%2Fwp%2Fv2%2Fcomments&post=1484"}],"version-history":[{"count":6,"href":"http:\/\/www.antinseuraajat.net\/index.php?rest_route=\/wp\/v2\/pages\/1484\/revisions"}],"predecessor-version":[{"id":1493,"href":"http:\/\/www.antinseuraajat.net\/index.php?rest_route=\/wp\/v2\/pages\/1484\/revisions\/1493"}],"wp:attachment":[{"href":"http:\/\/www.antinseuraajat.net\/index.php?rest_route=%2Fwp%2Fv2%2Fmedia&parent=1484"}],"curies":[{"name":"wp","href":"https:\/\/api.w.org\/{rel}","templated":true}]}}