{"id":160,"date":"2013-04-02T06:33:54","date_gmt":"2013-04-02T04:33:54","guid":{"rendered":"http:\/\/www.antinseuraajat.net\/?page_id=160"},"modified":"2021-08-28T11:15:36","modified_gmt":"2021-08-28T09:15:36","slug":"yhdistyksen-saannot","status":"publish","type":"page","link":"https:\/\/www.antinseuraajat.net\/?page_id=160","title":{"rendered":"Yhdistyksen s\u00e4\u00e4nn\u00f6t"},"content":{"rendered":"<p align=\"center\"><i><span style=\"font-family: Times New Roman; font-size: x-large;\">Sukuseura Antti Sepp\u00e4sen j\u00e4lkel\u00e4iset ry:n s\u00e4\u00e4nn\u00f6t\u00a0<\/span><\/i><span style=\"font-family: Times New Roman; font-size: medium;\"><br \/>\n<\/span><\/p>\n<p><strong>1 \u00a7 Nimi ja kotipaikka<\/strong><\/p>\n<p>Yhdistyksen nimi on Sukuseura Antti Sepp\u00e4sen j\u00e4lkel\u00e4iset ry ja kotipaikka Tampereen kaupunki. N\u00e4iss\u00e4 s\u00e4\u00e4nn\u00f6iss\u00e4 yhdistyksest\u00e4 k\u00e4ytet\u00e4\u00e4n nimityst\u00e4 sukuseura.<\/p>\n<p><strong>2 \u00a7 Tarkoitus ja toimintamuodot<\/strong><\/p>\n<p>Sukuseuran tarkoituksena on koota yhteen noin vuonna 1500 syntyneen Antti Sepp\u00e4sen j\u00e4lkel\u00e4isi\u00e4 ja selvitt\u00e4\u00e4 h\u00e4nest\u00e4 periytyvien sukuhaarojen vaiheita ja historiaa, vaalia suvun perinteit\u00e4 ja edist\u00e4\u00e4 yhteenkuuluvuuden tunnetta suvun j\u00e4senten keskuudessa sek\u00e4 tehd\u00e4 sukuseura- ja sukututkimusty\u00f6t\u00e4 tunnetuksi ja muutenkin edist\u00e4\u00e4 Karjalan Kannakseen liittyv\u00e4\u00e4 kotiseututy\u00f6t\u00e4.<\/p>\n<p>Tarkoituksensa toteuttamiseksi sukuseura mahdollisuuksiensa mukaan<\/p>\n<p>\u2013 j\u00e4rjest\u00e4\u00e4 sukukokouksia, sukup\u00e4ivi\u00e4, retki\u00e4 ja muita niihin verrattavia tilaisuuksia,<\/p>\n<p>\u2013 tukee sukua ja sen sukuhaaroja koskevaa tutkimustoimintaa,<\/p>\n<p>\u2013 ker\u00e4\u00e4 ja arkistoi sukua koskevaa tietoutta sek\u00e4 jakaa tutkimus- ja perinnetietoa, sek\u00e4<\/p>\n<p>\u2013 harjoittaa seuran tarkoituksen toteutumista edist\u00e4v\u00e4\u00e4 julkaisutoimintaa.<\/p>\n<p>\u2013 vaalii kannakselaisen kulttuurin perinteit\u00e4 ja arvoja<\/p>\n<p>Toimintansa tukemiseksi sukuseura voi ottaa vastaan testamentattua ja lahjoitettua omaisuutta, perustaa rahastoja sek\u00e4 asianomaisella luvalla j\u00e4rjest\u00e4\u00e4 varainker\u00e4yksi\u00e4 ja arpajaisia. Seura voi my\u00f6s omistaa toimintansa kannalta tarpeellisia kiinteist\u00f6j\u00e4.<\/p>\n<p><strong>3 \u00a7 J\u00e4senet<\/strong><\/p>\n<p>Sukuseuran varsinaiseksi j\u00e4seneksi voidaan hyv\u00e4ksy\u00e4 jokainen 15 vuotta t\u00e4ytt\u00e4nyt henkil\u00f6, joka polveutuu noin vuonna 1500 syntyneest\u00e4 Antti Sepp\u00e4sest\u00e4 sek\u00e4 jokainen henkil\u00f6, joka avioliiton kautta on liittynyt sukuun.<\/p>\n<p>Sukuseuran varsinaiseksi j\u00e4seneksi voidaan hyv\u00e4ksy\u00e4 my\u00f6s muu sellainen henkil\u00f6, joka on kiinnostunut sukuseuratoiminnasta.<\/p>\n<p>Sukuseuran j\u00e4senet hyv\u00e4ksyy hallitus. J\u00e4senyys alkaa, kun hallitus on hyv\u00e4ksynyt j\u00e4senen. J\u00e4senell\u00e4 on oikeus erota sukuseurasta ilmoittamalla siit\u00e4 kirjallisesti hallitukselle tai sen puheenjohtajalle taikka ilmoittamalla eroamisestaan sukuseuran kokouksessa.<\/p>\n<p>Varsinaisilta j\u00e4senilt\u00e4 peritt\u00e4v\u00e4n vuotuisen j\u00e4senmaksun ja mahdollisen liittymismaksun suuruudesta p\u00e4\u00e4tt\u00e4\u00e4 sukuseuran varsinainen sukukokous. \u00a0Sukuseuran j\u00e4senen alle 18-vuotiaat lapset voivat liitty\u00e4 sukuseuraan nuorisoj\u00e4senin\u00e4, jotka ovat vapaat j\u00e4senmaksusta ja joilla ei ole \u00e4\u00e4nioikeutta sukuseuran kokouksissa. Sukuseuran hallitus voi my\u00f6nt\u00e4\u00e4 vapautuksen j\u00e4senmaksusta korkean i\u00e4n, sairauden tai maksukyvyn huomattavan heikentymisen perusteella.<\/p>\n<p>Sukuseuran ainaisj\u00e4seneksi katsotaan j\u00e4sen, joka yhdell\u00e4 kertaa suorittaa maksuvuonna voimassa olevan j\u00e4senmaksunsa kymmenkertaisena.<\/p>\n<p>Hallituksen esityksest\u00e4 voi sukuseuran kokous kutsua sukuseuran kunniaj\u00e4seneksi henkil\u00f6n, joka on erityisesti ansioitunut seuran toiminnassa tai muulla toiminnallaan edist\u00e4nyt huomattavasti seuran tarkoituksen toteutumista. Kunniaj\u00e4sen on vapaa j\u00e4senmaksusta.<\/p>\n<p>J\u00e4senen erottamisesta p\u00e4\u00e4tt\u00e4\u00e4 sukuseuran hallitus. J\u00e4senell\u00e4 on oikeus saattaa erottaminen sukuseuran kokouksen ratkaistavaksi ilmoittamalla siit\u00e4 kirjallisesti hallitukselle kuukauden kuluessa erottamisesta tiedon saatuaan.<\/p>\n<p>Sukuseuran j\u00e4sen, joka ei ole vapaa velvollisuudesta suorittaa vuotuinen j\u00e4senmaksu, katsotaan eronneeksi sukuseurasta, jos h\u00e4n on j\u00e4tt\u00e4nyt j\u00e4senmaksunsa maksamatta kolmelta viimeksi p\u00e4\u00e4ttyneelt\u00e4 kalenterivuodelta. Sukuseuran j\u00e4senluetteloa pit\u00e4\u00e4 seuran hallitus.<\/p>\n<p><strong>4 \u00a7 Hallitus<\/strong><\/p>\n<p>Sukuseuran asioita hoitaa seuran hallitus, joka valitaan sukuseuran varsinaisessa sukukokouksessa. Hallituksen toimikausi on kahden varsinaisen sukukokouksen v\u00e4linen aika.<\/p>\n<p>Hallitukseen kuuluu puheenjohtaja, jota kutsutaan sukuseuran puheenjohtajaksi, varapuheenjohtaja, jota kutsutaan sukuseuran varapuheenjohtajaksi, viisi muuta j\u00e4sent\u00e4 ja nelj\u00e4 yleisvaraj\u00e4sent\u00e4. Hallitusta valittaessa tulee pyrki\u00e4 sukujen eri haarautumien mukanaoloon hallituksessa.<\/p>\n<p>Hallitus valitsee keskuudestaan tai ulkopuolelta seuran sihteerin, taloudenhoitajan ja muut tarvittavat toimihenkil\u00f6t.<\/p>\n<p>Hallitus kokoontuu puheenjohtajan tai t\u00e4m\u00e4n estyneen\u00e4 ollessa varapuheenjohtajan kutsusta, kun he katsovat siihen olevan aihetta, tai kun v\u00e4hint\u00e4\u00e4n kaksi hallituksen j\u00e4sent\u00e4 sit\u00e4 vaatii. Hallitus on p\u00e4\u00e4t\u00f6svaltainen, kun l\u00e4sn\u00e4 on puheenjohtaja tai varapuheenjohtaja ja v\u00e4hint\u00e4\u00e4n kolme muuta hallituksen j\u00e4sent\u00e4 tai varaj\u00e4sent\u00e4. Hallituksen p\u00e4\u00e4t\u00f6kseksi tulee mielipide, jota enemmist\u00f6 kokouksessa kannattaa. \u00c4\u00e4nten menness\u00e4 tasan ratkaisee puheenjohtajan mielipide, paitsi vaaleissa arpa.<\/p>\n<p>Hallituksen kokouksista on pidett\u00e4v\u00e4 p\u00e4\u00e4t\u00f6sp\u00f6yt\u00e4kirjaa, jonka hallituksen kokouksen puheenjohtaja ja sihteeri allekirjoittavat.<\/p>\n<p>Hallitus voi keskuudestaan tai muista sukuseuran j\u00e4senist\u00e4 asettaa avukseen ty\u00f6ryhmi\u00e4 ja toimikuntia erityisten teht\u00e4vien hoitamista varten.<\/p>\n<p><strong>5 \u00a7 Sukuseuran nimen kirjoittaminen<\/strong><\/p>\n<p>Sukuseuran nimen kirjoittaa seuran puheenjohtaja yhdess\u00e4 varapuheenjohtajan kanssa tai jompikumpi heist\u00e4 yhdess\u00e4 sihteerin tai taloudenhoitajan kanssa.<\/p>\n<p><strong>6 \u00a7 Tilit\u00a0<\/strong><\/p>\n<p>Sukuseuran tilikausi on hein\u00e4kuun alusta kes\u00e4kuun loppuun. Tilinp\u00e4\u00e4t\u00f6kset tarvittavine asiakirjoineen ja hallituksen vuosikertomukset on annettava toiminnantarkastajille tarkastettavaksi viimeist\u00e4\u00e4n kuusi viikkoa ennen seuraavan varsinaisen sukukokouksen pit\u00e4misp\u00e4iv\u00e4\u00e4. Toiminnantarkastajien lausunto tilien ja seuran hallinnon tarkastuksesta on annettava hallitukselle viimeist\u00e4\u00e4n kolme viikkoa ennen edell\u00e4 tarkoitettua kokousp\u00e4iv\u00e4\u00e4.<\/p>\n<p><strong>7 \u00a7 Sukuseuran kokousten koollekutsuminen<\/strong><\/p>\n<p>Sukuseuran kokoukset kutsuu koolle hallitus. Kokouskutsu on joko postitettava jokaiselle j\u00e4senelle tai saatettava heille tiedoksi s\u00e4hk\u00f6postitse.\u00a0 Postittamisen tai julkaisemisen on tapahduttava viimeist\u00e4\u00e4n kolmekymment\u00e4 (30) p\u00e4iv\u00e4\u00e4 ennen kokousta.<\/p>\n<p><strong>8 \u00a7 Sukuseuran kokoukset<\/strong><\/p>\n<p>Seuran varsinainen sukukokous pidet\u00e4\u00e4n joka toinen vuosi hallituksen m\u00e4\u00e4r\u00e4\u00e4m\u00e4n\u00e4 p\u00e4iv\u00e4n\u00e4 huhti-syyskuun aikana.<\/p>\n<p>Sukuseuran ylim\u00e4\u00e4r\u00e4inen sukukokous pidet\u00e4\u00e4n, kun seuran sukukokous niin p\u00e4\u00e4tt\u00e4\u00e4 tai kun hallitus katsoo siihen olevan aihetta taikka v\u00e4hint\u00e4\u00e4n yksi kymmenesosa seuran \u00e4\u00e4nioikeutetuista j\u00e4senist\u00e4 sit\u00e4 ilmoittamansa asian k\u00e4sittely\u00e4 varten kirjallisesti hallitukselta vaatii.<\/p>\n<p>Seuran sukukokouksessa on jokaisella kunniaj\u00e4senell\u00e4, ainaisj\u00e4senell\u00e4, j\u00e4senmaksusta hallituksen p\u00e4\u00e4t\u00f6ksell\u00e4 vapautetulla varsinaisella j\u00e4senell\u00e4 ja edellisen vuoden j\u00e4senmaksunsa maksaneella varsinaisella j\u00e4senell\u00e4 \u00e4\u00e4nioikeus. Jokaisella \u00e4\u00e4nioikeutetulla on yksi \u00e4\u00e4ni.\u00a0 Nuorisoj\u00e4senill\u00e4 on l\u00e4sn\u00e4olo- ja puheoikeus.<\/p>\n<p>Seuran p\u00e4\u00e4t\u00f6kseksi tulee, 10 \u00a7:ss\u00e4 tarkoitettuja p\u00e4\u00e4t\u00f6ksi\u00e4 lukuun ottamatta, se mielipide, jota on kannattanut yli puolet \u00e4\u00e4nestyksess\u00e4 annetuista \u00e4\u00e4nist\u00e4. \u00c4\u00e4nten menness\u00e4 tasan ratkaisee kokouksen puheenjohtajan mielipide, paitsi vaaleissa arpa.<\/p>\n<p><strong>9 \u00a7 Varsinainen sukukokous<\/strong><\/p>\n<p>Seuran varsinaisessa sukukokouksessa k\u00e4sitell\u00e4\u00e4n seuraavat asiat:<\/p>\n<ol>\n<li>kokouksen avaus;<\/li>\n<\/ol>\n<ol start=\"2\">\n<li>todetaan kokouksen laillisuus ja p\u00e4\u00e4t\u00f6svaltaisuus;<\/li>\n<\/ol>\n<ol start=\"3\">\n<li>valitaan kokouksen puheenjohtaja, sihteeri ja kaksi p\u00f6yt\u00e4kirjantarkastajaa;<\/li>\n<\/ol>\n<ol start=\"4\">\n<li>valitaan kaksi \u00e4\u00e4ntenlaskijaa;<\/li>\n<\/ol>\n<ol start=\"5\">\n<li>hyv\u00e4ksyt\u00e4\u00e4n kokoukselle ty\u00f6j\u00e4rjestys;<\/li>\n<\/ol>\n<ol start=\"6\">\n<li>esitet\u00e4\u00e4n seuran tilinp\u00e4\u00e4t\u00f6kset, vuosikertomukset ja toiminnantarkastajien lausunnot varsinaisten sukukokousten v\u00e4liselt\u00e4 ajalta;<\/li>\n<\/ol>\n<ol start=\"7\">\n<li>p\u00e4\u00e4tet\u00e4\u00e4n tilinp\u00e4\u00e4t\u00f6sten vahvistamisesta ja vastuuvapauden my\u00f6nt\u00e4misest\u00e4;<\/li>\n<\/ol>\n<ol start=\"8\">\n<li>vahvistetaan toimintasuunnitelma seuraavalle varsinaisten sukukokousten v\u00e4liselle kaksivuotiskaudelle, m\u00e4\u00e4r\u00e4t\u00e4\u00e4n liittymismaksu ja vuotuiset j\u00e4senmaksut seuraaville kahdelle \u00a0kalenterivuodelle, vahvistetaan talousarvio kahden seuraavan \u00a0tilikauden muodostamalle ajanjaksolle;<\/li>\n<\/ol>\n<ol start=\"9\">\n<li>valitaan hallituksen puheenjohtaja, varapuheenjohtaja ja viisi muuta j\u00e4sent\u00e4 ja nelj\u00e4 yleisvaraj\u00e4sent\u00e4;<\/li>\n<\/ol>\n<ol start=\"10\">\n<li>valitaan kaksi tilintarkastajaa ja kaksi varatilintarkastajaa;<\/li>\n<\/ol>\n<ol start=\"11\">\n<li>muut kokouskutsussa mainitut asiat.<\/li>\n<\/ol>\n<p>Mik\u00e4li sukuseuran j\u00e4sen haluaa saada jonkin asian seuran varsinaisen sukukokouksen k\u00e4sitelt\u00e4v\u00e4ksi, on h\u00e4nen ilmoitettava siit\u00e4 hallitukselle kirjallisesti niin hyviss\u00e4 ajoin, ett\u00e4 asia voidaan sis\u00e4llytt\u00e4\u00e4 kokouskutsuun.<\/p>\n<p><strong>10 \u00a7 S\u00e4\u00e4nt\u00f6jen muuttaminen ja sukuseuran purkaminen<\/strong><\/p>\n<p>P\u00e4\u00e4t\u00f6s s\u00e4\u00e4nt\u00f6jen muuttamisesta ja seuran purkamisesta on tullakseen voimaan teht\u00e4v\u00e4 seuran kokouksessa v\u00e4hint\u00e4\u00e4n kolmen nelj\u00e4sosan enemmist\u00f6ll\u00e4 annetuista \u00e4\u00e4nist\u00e4. Kokouskutsussa on mainittava s\u00e4\u00e4nt\u00f6jen muuttamista tai sukuseuran purkamista koskevan asian esill\u00e4 olosta.<\/p>\n<p>Sukuseuran purkautuessa k\u00e4ytet\u00e4\u00e4n seuran varat seuran tarkoituksen edist\u00e4miseen purkamisesta p\u00e4\u00e4tt\u00e4v\u00e4n kokouksen m\u00e4\u00e4r\u00e4\u00e4m\u00e4ll\u00e4 tavalla. Sukuseuran tullessa lakkautetuksi k\u00e4ytet\u00e4\u00e4n varat seuran tarkoituksen edist\u00e4miseen.<\/p>\n<p><strong>11 \u00a7 Muu p\u00e4\u00e4t\u00f6ksenteko<\/strong><\/p>\n<p>Muussa p\u00e4\u00e4t\u00f6ksenteossa noudatetaan niit\u00e4 yhdistyslain s\u00e4\u00e4nn\u00f6ksi\u00e4, jotka sitovat kaikkia yhdistyksi\u00e4.<\/p>\n<p><strong><em>S\u00e4\u00e4nn\u00f6t hyv\u00e4ksytty ja yhdistys merkitty rekisteriin\u00a0 12.12.2011<\/em><\/strong><strong><em>.<\/em><\/strong><\/p>\n<p><strong><em>S\u00e4\u00e4nt\u00f6muutos (<\/em><\/strong><strong>6 \u00a7 Tilit<\/strong><strong>)<em> hyv\u00e4ksytty vuosikokouksessa 14.8.2021 ja ilmoitettu rekisteriin 28.8.2021.<\/em><\/strong><\/p>\n<p>&nbsp;<\/p>\n","protected":false},"excerpt":{"rendered":"<p>Sukuseura Antti Sepp\u00e4sen j\u00e4lkel\u00e4iset ry:n s\u00e4\u00e4nn\u00f6t\u00a0 1 \u00a7 Nimi ja kotipaikka Yhdistyksen nimi on Sukuseura Antti Sepp\u00e4sen j\u00e4lkel\u00e4iset ry ja kotipaikka Tampereen kaupunki. N\u00e4iss\u00e4 s\u00e4\u00e4nn\u00f6iss\u00e4 yhdistyksest\u00e4 k\u00e4ytet\u00e4\u00e4n nimityst\u00e4 sukuseura. 2 \u00a7 Tarkoitus ja toimintamuodot Sukuseuran tarkoituksena on koota yhteen noin vuonna 1500 syntyneen Antti Sepp\u00e4sen j\u00e4lkel\u00e4isi\u00e4 ja selvitt\u00e4\u00e4 h\u00e4nest\u00e4 periytyvien sukuhaarojen vaiheita ja historiaa, vaalia [&hellip;]<\/p>\n","protected":false},"author":1,"featured_media":0,"parent":19,"menu_order":0,"comment_status":"closed","ping_status":"closed","template":"","meta":{"footnotes":""},"class_list":["post-160","page","type-page","status-publish","hentry"],"_links":{"self":[{"href":"https:\/\/www.antinseuraajat.net\/index.php?rest_route=\/wp\/v2\/pages\/160","targetHints":{"allow":["GET"]}}],"collection":[{"href":"https:\/\/www.antinseuraajat.net\/index.php?rest_route=\/wp\/v2\/pages"}],"about":[{"href":"https:\/\/www.antinseuraajat.net\/index.php?rest_route=\/wp\/v2\/types\/page"}],"author":[{"embeddable":true,"href":"https:\/\/www.antinseuraajat.net\/index.php?rest_route=\/wp\/v2\/users\/1"}],"replies":[{"embeddable":true,"href":"https:\/\/www.antinseuraajat.net\/index.php?rest_route=%2Fwp%2Fv2%2Fcomments&post=160"}],"version-history":[{"count":6,"href":"https:\/\/www.antinseuraajat.net\/index.php?rest_route=\/wp\/v2\/pages\/160\/revisions"}],"predecessor-version":[{"id":1435,"href":"https:\/\/www.antinseuraajat.net\/index.php?rest_route=\/wp\/v2\/pages\/160\/revisions\/1435"}],"up":[{"embeddable":true,"href":"https:\/\/www.antinseuraajat.net\/index.php?rest_route=\/wp\/v2\/pages\/19"}],"wp:attachment":[{"href":"https:\/\/www.antinseuraajat.net\/index.php?rest_route=%2Fwp%2Fv2%2Fmedia&parent=160"}],"curies":[{"name":"wp","href":"https:\/\/api.w.org\/{rel}","templated":true}]}}