{"id":165,"date":"2013-04-02T16:19:35","date_gmt":"2013-04-02T14:19:35","guid":{"rendered":"http:\/\/www.antinseuraajat.net\/?page_id=165"},"modified":"2016-02-09T16:38:12","modified_gmt":"2016-02-09T14:38:12","slug":"linkkeja","status":"publish","type":"page","link":"https:\/\/www.antinseuraajat.net\/?page_id=165","title":{"rendered":"Linkkej\u00e4"},"content":{"rendered":"<h3>T\u00e4\u00e4lt\u00e4 l\u00f6yd\u00e4t hy\u00f6dyllisi\u00e4 linkkej\u00e4 sukututkimukseen ja sukuseuraan liittyen<\/h3>\n<p>Antti Sepp\u00e4sen j\u00e4lkel\u00e4iset Facebook-sivu: <a href=\"https:\/\/www.facebook.com\/Antinseuraajat\">https:\/\/www.facebook.com\/Antinseuraajat<\/a><\/p>\n<p>Kansallisarkisto: <a href=\"http:\/\/www.arkisto.fi\">http:\/\/www.arkisto.fi<\/a><\/p>\n<p>Karjalan kartat: <a href=\"http:\/\/www.karjalankartat.fi\">http:\/\/www.karjalankartat.fi<\/a><\/p>\n<p>Karjalan Kulttuurin Edist\u00e4miss\u00e4\u00e4ti\u00f6: <a href=\"http:\/\/www.kkes.fi\">http:\/\/www.kkes.fi<\/a><\/p>\n<p>Karjalanliitto: <a href=\"http:\/\/www.karjalanliitto.fi\">http:\/\/www.karjalanliitto.fi<\/a><\/p>\n<p>Kivennapa: <a href=\"http:\/\/www.kivennapa.fi\">http:\/\/www.kivennapa.fi<\/a><\/p>\n<p>Muolaalaisten seura: <a href=\"http:\/\/muolaa.fi\">http:\/\/muolaa.fi<\/a><\/p>\n<p>Suomen Sukututkimuseura <a href=\"http:\/\/www.genealogia.fi\">http:\/\/www.genealogia.fi<\/a><\/p>\n<p>Terijoki: <a href=\"http:\/\/www.terijoki.fi\">http:\/\/www.terijoki.fi<\/a><\/p>\n<p>Valkj\u00e4rvi: http:\/\/valkjarvi.info\/<\/p>\n<p>&nbsp;<\/p>\n<p>&nbsp;<\/p>\n","protected":false},"excerpt":{"rendered":"<p>T\u00e4\u00e4lt\u00e4 l\u00f6yd\u00e4t hy\u00f6dyllisi\u00e4 linkkej\u00e4 sukututkimukseen ja sukuseuraan liittyen Antti Sepp\u00e4sen j\u00e4lkel\u00e4iset Facebook-sivu: https:\/\/www.facebook.com\/Antinseuraajat Kansallisarkisto: http:\/\/www.arkisto.fi Karjalan kartat: http:\/\/www.karjalankartat.fi Karjalan Kulttuurin Edist\u00e4miss\u00e4\u00e4ti\u00f6: http:\/\/www.kkes.fi Karjalanliitto: http:\/\/www.karjalanliitto.fi Kivennapa: http:\/\/www.kivennapa.fi Muolaalaisten seura: http:\/\/muolaa.fi Suomen Sukututkimuseura http:\/\/www.genealogia.fi Terijoki: http:\/\/www.terijoki.fi Valkj\u00e4rvi: http:\/\/valkjarvi.info\/ &nbsp; &nbsp;<\/p>\n","protected":false},"author":1,"featured_media":0,"parent":0,"menu_order":11,"comment_status":"closed","ping_status":"closed","template":"","meta":{"footnotes":""},"class_list":["post-165","page","type-page","status-publish","hentry"],"_links":{"self":[{"href":"https:\/\/www.antinseuraajat.net\/index.php?rest_route=\/wp\/v2\/pages\/165","targetHints":{"allow":["GET"]}}],"collection":[{"href":"https:\/\/www.antinseuraajat.net\/index.php?rest_route=\/wp\/v2\/pages"}],"about":[{"href":"https:\/\/www.antinseuraajat.net\/index.php?rest_route=\/wp\/v2\/types\/page"}],"author":[{"embeddable":true,"href":"https:\/\/www.antinseuraajat.net\/index.php?rest_route=\/wp\/v2\/users\/1"}],"replies":[{"embeddable":true,"href":"https:\/\/www.antinseuraajat.net\/index.php?rest_route=%2Fwp%2Fv2%2Fcomments&post=165"}],"version-history":[{"count":10,"href":"https:\/\/www.antinseuraajat.net\/index.php?rest_route=\/wp\/v2\/pages\/165\/revisions"}],"predecessor-version":[{"id":808,"href":"https:\/\/www.antinseuraajat.net\/index.php?rest_route=\/wp\/v2\/pages\/165\/revisions\/808"}],"wp:attachment":[{"href":"https:\/\/www.antinseuraajat.net\/index.php?rest_route=%2Fwp%2Fv2%2Fmedia&parent=165"}],"curies":[{"name":"wp","href":"https:\/\/api.w.org\/{rel}","templated":true}]}}